a(x) prime?
False
Suppose 0 = 2*s + 4*p - 143834 - 131442, -2*s + 3*p = -275290. Suppose -s + 56738 = -24*i. Is i a composite number?
False
Let b = 91 + -87. Suppose -2343 = -4*z + b*o + 305, 3*z + 2*o = 1991. Let g = -372 + z. Is g prime?
False
Let g be 18/2*45/27. Let l = -10 + g. Suppose -3*t - 722 - 3722 = -4*f, 2*f + l*t = 2222. Is f prime?
False
Let b be 8 + 1/(2/(-1)) + 27/(-18). Suppose 4*u - 4*v - 328 = 0, v + 149 + 188 = 4*u. Is (u - b)/(-1 - -2) composite?
False
Let b(m) = 2*m**2 + 14*m + 20. Let k be b(-5). Suppose d - x - 7716 = k, -4*d = 3*x - 2455 - 28402. Is d composite?
True
Let d = 412912 + 203959. Is d composite?
False
Let m = 309285 - 90623. Is m prime?
False
Suppose 5*a + 5*y - 10 = 0, a + 12 = 4*a - 3*y. Let f be (9/a)/(3/2). Suppose -f*i - 29 = -99. Is i a prime number?
False
Let c(m) = -33*m + 54*m**3 - 5 + 2*m**2 + 43*m - 44*m**3. Is c(8) prime?
True
Suppose -3*u + 403847 = 4*k, 538473 = 4*u + 34*k - 39*k. Is u prime?
False
Let i(k) = -34*k**2 + 8 + 23*k**2 - 7*k + 1 + 59*k**3 + 16*k**2 + 21. Is i(5) prime?
False
Let h = 5808 + -3830. Let b = h - 719. Is b composite?
False
Suppose -g - 720 = -0*z + z, -4*g + 2*z - 2850 = 0. Let m = g - -2834. Is m composite?
True
Let r(t) = 28 - 135 - 148*t - 140*t. Is r(-6) a composite number?
False
Let h = 528 + -521. Suppose -54*c + h*c + 660397 = 0. Is c composite?
False
Is (-601843)/(-4) + (-67)/(-268) a prime number?
False
Is 0 - (14/7 - 7) - 12*-16718 composite?
True
Suppose 4*m - 5140 = -4*h + 26844, 5*m + 39950 = 5*h. Is h a prime number?
True
Suppose 0 = 15*p - 12*p + 12. Is (-42224)/(-144) + p/18 a composite number?
False
Suppose 150*j - 73*j = 72*j + 3690715. Is j a composite number?
True
Let t(v) = -v**3 + 35*v**2 - 10*v - 61. Suppose 0 = -l + 4*h - 2*h + 28, 4*l - 112 = -h. Is t(l) a prime number?
True
Suppose -3*x = 3*q - 87, 161 = 4*x - 8*q + 3*q. Suppose x*p - 66080 = 290274. Is p a composite number?
True
Let a = -55 - -59. Let l be (-95)/(-3) - a/6. Suppose -2*p = -p - l. Is p a prime number?
True
Let o(v) = 3*v**2 - 8. Let g be ((-3)/5)/(2/(-90)). Is o(g) prime?
True
Let a(v) = 732*v**2 - 154*v - 89. Is a(-9) a prime number?
True
Let x(y) be the second derivative of 61*y**4/3 + y**3/2 - y**2 + 12*y. Let t be x(1). Suppose c - 53 = t. Is c prime?
False
Let x = -494 - -1120. Let b = x + 1131. Is b composite?
True
Let z be (-3)/7 + 528/154. Suppose 5*q - 4*q + 48240 = 5*a, a = -z*q + 9664. Is a prime?
True
Let v(g) = 1809*g**3 - 3*g + 5. Let d = 461 - 460. Is v(d) a prime number?
True
Suppose a - 5*a - m = 0, -3*a + 5*m = 0. Suppose a = -2*y - 7*y + 11232. Suppose -2*j + 11854 = y. Is j composite?
False
Suppose 32 = z + 3*z. Suppose -3*h + 23 = z. Let k(l) = 4*l**3 - l**2 + 4*l - 8. Is k(h) a composite number?
False
Suppose -47428 = -12*a + 203048. Is a composite?
False
Let n(p) = -3*p + 1. Let y(h) = -2*h. Let f(a) = 2*n(a) - 5*y(a). Let t be f(-2). Let v = t - -44. Is v a prime number?
False
Let a = 15 - 11. Let z be (860/(-12))/(20/(-144)). Suppose 0 = -a*t + z + 2624. Is t composite?
True
Let n be (-28)/21 + (-4)/(-3). Let o(s) = -s**3 - s**2 - 2*s + 3. Let y be o(n). Suppose y*p = -d + 413, -7*d = -2*d + 3*p - 2065. Is d composite?
True
Let y = 27 + -24. Suppose -4*h + 17064 = y*x, -3*h - x = -3*x - 12781. Let n = h + 64. Is n a prime number?
True
Let o be 16*-2*4/16. Let q be 5 - (12/(-4) - o). Let i(n) = n**3 - 2*n + 523. Is i(q) a prime number?
True
Suppose 31*y - 27*y + z = 551033, 5*y + z - 688792 = 0. Is y a composite number?
True
Is (-18)/(-189) + (-7068302)/(-42) composite?
False
Let r be (-212454)/(-24) + (-1)/4. Suppose 15*h = r + 3283. Is h a composite number?
False
Let n be 74 - ((-14)/(-112) - 18/16). Let y = -80 + n. Is -3 + (-216)/(1 + y) a composite number?
True
Suppose g + 0 - 2 = -4*k, -k = g + 1. Let x be -1 + (-1 + 1)/g + 1. Suppose x = 7*z - 17952 - 8039. Is z composite?
True
Let o(l) = -4*l**2 + 60*l - 1. Let a be o(15). Let b(x) = 1601*x**2 + 8*x + 4. Is b(a) a prime number?
True
Is (-3)/2*75722532/(-207) prime?
False
Let i(w) = -14*w + 4*w + 7 - 6. Let k(z) = -11*z**2 + 6*z + 1. Let n be k(-1). Is i(n) a prime number?
False
Let x(t) = -t**3 - 2*t**2 + 3*t - 5. Let m be x(-4). Let y be (-5)/m - (-75)/9. Suppose -6964 = -12*k + y*k. Is k a prime number?
True
Is (10 - (-490)/(-50))*(-5)/(-7)*262703 a composite number?
False
Is ((2*3)/(-1) - (-8 - -9)) + 1048196 composite?
False
Suppose 2*p + 2*p - 5388 = 3*q, p - 7171 = 4*q. Let f = q + 6368. Let g = f - 3239. Is g prime?
False
Let d(c) = 120*c + 11. Let r be -3 + 0 + (2/1 - -8). Is d(r) a composite number?
True
Let y be 45/5*(0/(-3) - -2). Suppose y*v = -14*v + 140576. Is v a prime number?
False
Let x = 2477 - 948. Suppose 5750 = 29*f - x. Is f prime?
True
Suppose -1850*o + 4*b + 1551327 = -1845*o, 4*o = -4*b + 1241076. Is o a composite number?
True
Let y be ((8/3)/(-4))/((-20)/110040). Let u = y - 61. Is u prime?
True
Let c = -390 - -382. Let i(n) = -116*n - 251. Is i(c) a prime number?
True
Let z be 115/25 + -5 - 154/(-10). Let o be 3024 - 1 - (z - 13). Suppose -263 = 7*n - o. Is n a composite number?
True
Let y(h) be the third derivative of 7*h**5/15 - 17*h**4/24 - 37*h**3/6 + 2*h**2 - 38. Is y(-10) composite?
True
Suppose -t - 37 - 64 = 0. Suppose -2*q = -4*q + 8, -4*j - 2*q = 88. Let n = j - t. Is n prime?
False
Let k = -11922 - -17352. Suppose -k = 15*q - 91755. Is q a composite number?
True
Let p be 135/20 - (-1)/4. Let j(k) = 14 + 1 - 3 + 30 - 860*k + 907*k. Is j(p) a prime number?
False
Let d = -2 - -1. Let b be (8272 - d)/(11/33). Suppose -9051 = 4*x - 4*m - b, -4*m + 11833 = 3*x. Is x composite?
False
Suppose 6*v - 31 = -55. Is 204867/119 - v/(-7) prime?
True
Suppose -51203 = 6*m - 3593. Let d = m + 17108. Is d a prime number?
True
Suppose -4065 = -l - h + 187, -3*l + 3*h = -12726. Is l a prime number?
False
Let b(j) = j**2 + 8*j - 31. Let w be b(-11). Let l be (72/10)/(w - 316/160). Let r = 2191 - l. Is r prime?
False
Let s = -37744 + 209645. Is s prime?
False
Suppose -14*w = -5*w - 11889. Let v = -783 + w. Is v composite?
True
Let d(q) = -82005*q - 166. Is d(-3) a composite number?
False
Let o = 146499 + -1306. Is o a prime number?
True
Suppose 3*q + 5*a = 4673, -a = -5*q - 2*a + 7825. Suppose 3*r + q - 450 = 0. Let t = r + 573. Is t prime?
False
Let q be 27/(-3) + 1 - 0. Let d = q - -10. Is (-4 + d)*1437/(-6) prime?
True
Suppose 0 = -5*l - 4*f + 671289, -6*l + 2*l + 2*f = -537026. Is l prime?
True
Let m(i) = -i + 1. Let p(g) = -913*g - 10. Let k(b) = 3*m(b) + p(b). Is k(-8) prime?
True
Is 498948/9*8/(-192)*-36 prime?
False
Is (7764/16 + 2/8)*146 a composite number?
True
Let s = -958596 - -2128469. Is s prime?
True
Suppose 5*h = 2*a - 313 - 853, 0 = 2*h + 2*a + 472. Let p = h + 293. Is p a prime number?
True
Suppose -31*o - 21*o = -146480 - 865284. Is o prime?
True
Let v = 14818 + -8866. Is 3/9 + (v/18 - 0) a prime number?
True
Let m(v) = -448*v**3 - 11*v**2 + 8*v + 20. Is m(-3) prime?
False
Suppose 0 = 3*a - y - 31, -4*y - y = -4*a + 34. Let i(k) = -73*k - 44. Let j(q) = -83*q - 43. Let o(b) = 5*i(b) - 6*j(b). Is o(a) a prime number?
False
Let w = -122 - -119. Let n be 1/w - (-182)/(-39). Let b(v) = -279*v - 16. Is b(n) composite?
True
Suppose 2*p + 8877012 = 11*p + 1738635. Is p prime?
False
Let n = -5796 - -13295. Is n prime?
True
Let u be 70048/26 - 12/78. Let l = u - 491. Is l a prime number?
True
Let t = 99326 + -67157. Is t prime?
False
Let m be (-1)/(3/(-4113)) - 2. Suppose -2*g - 65 = -849. Let l = m - g. Is l a prime number?
True
Let j = -73042 + 276540. Is j prime?
False
Let j(m) = 1091*m**3 - 3*m + 16 - 2*m**2 - m**2 - 15. Let x(n) = 1092*n**3 - 4*n**2 - 3*n + 2. Let u(b) = -4*j(b) + 3*x(b). Is u(-1) prime?
True
Let u(g) = -66*g**2 - 61*g - 8. Let z be u(-44). Is 1/(-1 + z/(-125094)) prime?
True
Let z(k) = k**2 - 1. Let w(p) = -2*p**3 + 18*p**2 + 12*p + 11. Let b(u) = -w(u) + 5*z(u). Is b(11) composite?
False
Let p be (907*1)/(-11 + 12). Suppose 5*g + p = 6*g. Let c = -588 + g. Is c a composite number?
True
Let c = -5510 - 3648. Let m = 29685 + c. Is m a composite number?
True
Let c = -2827 - -1123. Let p = 2945 + c. Suppose 8*z = p - 489. Is z composite?
True
Let v = 77084 - -13803. Is v a prime number?
True
Suppose 16*b - 19*b - 29278 = -i, 0 = -2*b - 10. Is i p